{"id":832,"date":"2021-03-24T11:38:38","date_gmt":"2021-03-24T10:38:38","guid":{"rendered":"https:\/\/5zynn1f77x8lox8a.prev.site\/cms\/?page_id=832"},"modified":"2024-04-09T13:43:05","modified_gmt":"2024-04-09T13:43:05","slug":"omoss","status":"publish","type":"page","link":"https:\/\/valenmarina.no\/cms\/omoss\/","title":{"rendered":"Om oss"},"content":{"rendered":"<div class=\"wpb-content-wrapper\"><p>[vc_row padding_top_multiplier=&raquo;2x&raquo; padding_bottom_multiplier=&raquo;3x&raquo; rc_heading_color=&raquo;white&raquo; rc_bg_type=&raquo;color&raquo; bg_type=&raquo;color&raquo; bg_color=&raquo;#ffd509&#8243; rc_bg_color=&raquo;#002776&#8243; section_id=&raquo;hovedinnhold&raquo;][vc_column]<h3 class=\"grve-element grve-title grve-align-center grve-h1\"><span>OM Valen Marina<\/span><\/h3><h3 class=\"grve-element grve-title grve-align-center grve-leader-text\"><span>Valen Marina er en sj\u00f8entrepren\u00f8r med dykkertjenester som kjernevirksomhet. Vi tilbyr tjenester innen seks segmenter: ROV &amp; Dykking, Anlegg, Marina, VA, Havbruk og Skip &amp; Rigg.<br>\nV\u00e5re kunder er b\u00e5de privatpersoner, offentlige instanser og bedrifter.<\/span><\/h3>[\/vc_column][\/vc_row][vc_row section_type=&raquo;fullwidth&raquo; padding_top_multiplier=&raquo;&raquo; padding_bottom_multiplier=&raquo;&raquo; columns_gap=&raquo;none&raquo; equal_column_height=&raquo;equal&raquo; section_id=&raquo;historien&raquo;][vc_column width=&raquo;1\/2&#8243; css=&raquo;.vc_custom_1616585328652{background-position: center !important;background-repeat: no-repeat !important;background-size: cover !important;}&raquo; el_wrapper_class=&raquo;infoboks&raquo;]<h3 class=\"grve-element grve-title grve-align-inherit grve-h2\" style=\"margin-bottom: 0px;\"><span>Historien om Valen Marina<\/span><\/h3><div class=\"grve-empty-space grve-height-1x\"><\/div>[vc_column_text]Valen Marina ble grunnlagt i 2004 med hovedkontor p\u00e5 Vestlandet. I 2011 ble Magne Valen eneeier av selskapet, og i 2014 ble det gjort betydelige investeringer som resulterte i en markant \u00f8kning i markedsandelen. Valen Marina ble en del av Vestlandsentrepren\u00f8ren i 2022, og dette styrket selskapet betydelig, noe som f\u00f8rte til ytterligere store investeringer. I 2023 fusjonerte Viken Marin og Valen Marina sammen, der Valen Marina ble videref\u00f8rt.<\/p>\n<p>Fra oppstart til dagens dato har selskapet utviklet seg fra \u00e5 v\u00e6re et mindre marinaselskap til \u00e5 bli en sj\u00f8entrepren\u00f8r med et bredt spekter av tjenester. Denne utviklingen har gjort selskapet til en ledende akt\u00f8r i markedet.[\/vc_column_text]<div class=\"grve-empty-space grve-height-1x\"><\/div><div class=\"grve-element grve-align-inherit\"><a href=\"mailto:post@valenmarina.no\" class=\"grve-btn grve-square grve-bg-primary-1 grve-border-primary-1 grve-bg-hover-primary-2 grve-border-hover-primary-2 grve-pulse grve-text-white grve-text-hover-white grve-btn-large grve-with-icon\">\r\n\t\t<div class=\"grve-btn-inner\">\r\n\t\t<span>Ta kontakt for et uforpliktende tilbud!<\/span>\r\n\t\t\t\t\t\t\t<div class=\"grve-btn-icon\">\r\n\t\t\t<span class=\"grve-icon fas fa-anchor\"><\/span>\r\n\t\t<\/div>\r\n\t\t\t\t\t<\/div>\r\n\t<\/a><\/div>[\/vc_column][vc_column width=&raquo;1\/2&#8243; rc_bg_type=&raquo;image&raquo; rc_bg_image=&raquo;2740&#8243; css=&raquo;.vc_custom_1616664987447{background-image: url(https:\/\/5zynn1f77x8lox8a.prev.site\/cms\/wp-content\/uploads\/2021\/01\/Pipetek-Vitek-011117-2596_web-scaled-1.jpg?id=170) !important;background-position: center !important;background-repeat: no-repeat !important;background-size: cover !important;}&raquo;][\/vc_column][\/vc_row][vc_row section_type=&raquo;fullwidth&raquo; padding_top_multiplier=&raquo;&raquo; padding_bottom_multiplier=&raquo;&raquo; columns_gap=&raquo;none&raquo; equal_column_height=&raquo;equal&raquo;][vc_column width=&raquo;1\/2&#8243; css=&raquo;.vc_custom_1617007403420{background-position: center !important;background-repeat: no-repeat !important;background-size: cover !important;}&raquo; el_class=&raquo;vc_col-sm-push-6&#8243; el_wrapper_class=&raquo;infoboks&raquo;]<h3 class=\"grve-element grve-title grve-align-inherit grve-h2\" style=\"margin-bottom: 0px;\"><span>Kontakt oss<\/span><\/h3><div class=\"grve-empty-space grve-height-1x\"><\/div>[vc_column_text text_style=&raquo;leader-text&raquo;]<strong>Fakturadresse:<\/strong><br \/>\nD\u00f8sjevegen, 5360 Kollteveit, Bergen<\/p>\n<p><strong>Post- og bes\u00f8ksadresse:<\/strong><br \/>\nD\u00f8sjevegen, 5360 Kollteveit, Bergen<\/p>\n<p><strong>Telefon og epost:<\/strong><br \/>\n56 32 59 10 \/ 90 70 19 60<br \/>\n<a href=\"mailto:po**@*********na.no\" data-original-string=\"hSkceEWVjkPfxL\/G1fVQRQ==eb6M9RpTghs7gjUSdQgx9QbJBh3SukqTWRPy++Qc6CJMfQ=\" title=\"This contact has been encoded by Anti-Spam by CleanTalk. Click to decode. To finish the decoding make sure that JavaScript is enabled in your browser.\"><span \n                data-original-string='Sr6zEjXLNjb+tH5OpqSqIQ==eb6UQ1LXsEeQpiY80bJjgkBnsTIxWrf7Z3Wy+BDfL5Y0os='\n                class='apbct-email-encoder'\n                title='This contact has been encoded by Anti-Spam by CleanTalk. Click to decode. To finish the decoding make sure that JavaScript is enabled in your browser.'>po<span class=\"apbct-blur\">**<\/span>@<span class=\"apbct-blur\">*********<\/span>na.no<\/span><\/a>[\/vc_column_text]<div class=\"grve-empty-space grve-height-1x\"><\/div>[\/vc_column][vc_column width=&raquo;1\/2&#8243; rc_bg_type=&raquo;image&raquo; rc_bg_image=&raquo;2741&#8243; el_wrapper_class=&raquo;infoboks&raquo; css=&raquo;.vc_custom_1617007382069{background-image: url(https:\/\/5zynn1f77x8lox8a.prev.site\/cms\/wp-content\/uploads\/2021\/03\/rorfornying-offentlig5.jpg?id=443) !important;background-position: center !important;background-repeat: no-repeat !important;background-size: cover !important;}&raquo; el_class=&raquo;vc_col-sm-pull-6&#8243;]<div class=\"grve-empty-space grve-height-6x\"><\/div>[\/vc_column][\/vc_row][vc_row padding_top_multiplier=&raquo;2x&raquo; rc_heading_color=&raquo;white&raquo; rc_bg_type=&raquo;color&raquo; heading_color=&raquo;dark&raquo; bg_type=&raquo;color&raquo; font_color=&raquo;#000000&#8243; bg_color=&raquo;#ffd509&#8243; rc_bg_color=&raquo;#002776&#8243; rc_font_color=&raquo;#ffffff&raquo;][vc_column content_width=&raquo;80&#8243; horizontal_content_position=&raquo;center&raquo; text_align=&raquo;center&raquo;]<h3 class=\"grve-element grve-title grve-align-center grve-h2\" style=\"margin-bottom: 0px;\"><span>Referanser<\/span><\/h3><div class=\"grve-empty-space grve-height-1x\"><\/div><div class=\"grve-element grve-testimonial-carousel \" style=\"margin-bottom: 30px;\">\r\n\t<div data-items=\"1\" data-items-tablet-landscape=\"1\" data-items-tablet-portrait=\"1\" data-items-mobile=\"1\" data-pagination=\"yes\" data-slider-autoplay=\"no\" data-slider-loop=\"yes\" data-slider-autoheight=\"\" data-stage-padding=\"0\" data-slider-speed=\"3000\" data-slider-pause=\"yes\" data-pagination-speed=\"400\" data-gutter-size=\"30\" class=\"grve-carousel-element grve-testimonial grve-align-inherit grve-with-gap grve-classic-carousel grve-leader-text grve-carousel-pagination-1\">\r\n\r\n\t<div class=\"grve-carousel-item post-2743 testimonial type-testimonial status-publish hentry grve-entry-item\">\r\n\t\t<div class=\"grve-testimonial-item grve-style-1\">\r\n\t\t<div class=\"grve-testimonial-content\">\r\n\t\t\t\t<p>Vi utf\u00f8rte et samarbeidsprosjekt sammen Valen Marina. Dere var en fantastisk samarbeidspartner i et utfordrende prosjekt!<br \/>\nTakk for hjelpen.<\/p>\n\t\t\t\t\t<div class=\"grve-testimonial-meta\">\r\n\t\t\t\t<span class=\"grve-testimonial-name grve-h6 grve-heading-color\" data-title-hover=\"Vitek Milj\u00f8 \">Vitek Milj\u00f8 <\/span>\r\n\t\t\t\t<span class=\"grve-identity grve-small-text\">Vitek Milj\u00f8 <\/span>\r\n\t\t\t<\/div>\r\n\t\t\t<\/div>\r\n<\/div>\r\n\t<\/div>\r\n\t\t<div class=\"grve-carousel-item post-2667 testimonial type-testimonial status-publish hentry grve-entry-item\">\r\n\t\t<div class=\"grve-testimonial-item grve-style-1\">\r\n\t\t<div class=\"grve-testimonial-content\">\r\n\t\t\t\t<p>Meget god kompetanse i faget! Profesjonelt fra topp til t\u00e5.<\/p>\n\t\t\t<\/div>\r\n<\/div>\r\n\t<\/div>\r\n\t\t<div class=\"grve-carousel-item post-2265 testimonial type-testimonial status-publish hentry testimonial_category-kundereferanser grve-entry-item\">\r\n\t\t<div class=\"grve-testimonial-item grve-style-1\">\r\n\t\t<div class=\"grve-testimonial-content\">\r\n\t\t\t\t<p>Tusen takk for str\u00e5lende arbeid.<br \/>\nFantastisk \u00e5 jobbe med s\u00e5 dedikerte folk. Ble noen overraskelser underveis, men disse tok dere p\u00e5 strak arm\u00a0\ud83d\udcaa\ud83d\udc4f\ud83d\udc4f\ud83d\udc4f<\/p>\n\t\t\t<\/div>\r\n<\/div>\r\n\t<\/div>\r\n\t\t<\/div>\r\n\t<\/div>\r\n\r\n[\/vc_column][\/vc_row][vc_row height_ratio=&raquo;40&#8243; rc_bg_type=&raquo;video&raquo; rc_bg_video_url=&raquo;https:\/\/vimeo.com\/872475971&#8243; rc_bg_video_button=&raquo;device&raquo; rc_margin_bottom=&raquo;0&#8243;][vc_column][\/vc_column][\/vc_row]<\/p>\n<\/div>","protected":false},"excerpt":{"rendered":"<p>[vc_row padding_top_multiplier=&raquo;2x&raquo; padding_bottom_multiplier=&raquo;3x&raquo; rc_heading_color=&raquo;white&raquo; rc_bg_type=&raquo;color&raquo; bg_type=&raquo;color&raquo; bg_color=&raquo;#ffd509&#8243; rc_bg_color=&raquo;#002776&#8243; section_id=&raquo;hovedinnhold&raquo;][vc_column][\/vc_column][\/vc_row][vc_row section_type=&raquo;fullwidth&raquo; padding_top_multiplier=&raquo;&raquo; padding_bottom_multiplier=&raquo;&raquo; columns_gap=&raquo;none&raquo; equal_column_height=&raquo;equal&raquo; section_id=&raquo;historien&raquo;][vc_column width=&raquo;1\/2&#8243; css=&raquo;.vc_custom_1616585328652{background-position: center !important;background-repeat: no-repeat !important;background-size: cover !important;}&raquo; el_wrapper_class=&raquo;infoboks&raquo;][vc_column_text]Valen Marina ble grunnlagt i 2004 med hovedkontor p\u00e5 Vestlandet. I 2011 ble Magne Valen eneeier av selskapet, og i 2014 ble det gjort betydelige investeringer som resulterte i en markant \u00f8kning [&hellip;]<\/p>\n","protected":false},"author":2,"featured_media":0,"parent":0,"menu_order":0,"comment_status":"closed","ping_status":"closed","template":"","meta":{"_acf_changed":false,"inline_featured_image":false,"footnotes":""},"class_list":["post-832","page","type-page","status-publish","hentry","grve-entry-item"],"acf":[],"_links":{"self":[{"href":"https:\/\/valenmarina.no\/cms\/wp-json\/wp\/v2\/pages\/832","targetHints":{"allow":["GET"]}}],"collection":[{"href":"https:\/\/valenmarina.no\/cms\/wp-json\/wp\/v2\/pages"}],"about":[{"href":"https:\/\/valenmarina.no\/cms\/wp-json\/wp\/v2\/types\/page"}],"author":[{"embeddable":true,"href":"https:\/\/valenmarina.no\/cms\/wp-json\/wp\/v2\/users\/2"}],"replies":[{"embeddable":true,"href":"https:\/\/valenmarina.no\/cms\/wp-json\/wp\/v2\/comments?post=832"}],"version-history":[{"count":33,"href":"https:\/\/valenmarina.no\/cms\/wp-json\/wp\/v2\/pages\/832\/revisions"}],"predecessor-version":[{"id":2127,"href":"https:\/\/valenmarina.no\/cms\/wp-json\/wp\/v2\/pages\/832\/revisions\/2127"}],"wp:attachment":[{"href":"https:\/\/valenmarina.no\/cms\/wp-json\/wp\/v2\/media?parent=832"}],"curies":[{"name":"wp","href":"https:\/\/api.w.org\/{rel}","templated":true}]}}